it of 4455?
5
What is the tens digit of 605?
0
What is the hundreds digit of 7818?
8
What is the units digit of 1319?
9
What is the units digit of 19?
9
What is the units digit of 1108?
8
What is the ten thousands digit of 89944?
8
What is the units digit of 8301?
1
What is the hundreds digit of 8518?
5
What is the tens digit of 85993?
9
What is the tens digit of 184?
8
What is the thousands digit of 24892?
4
What is the hundreds digit of 227?
2
What is the hundreds digit of 2640?
6
What is the ten thousands digit of 12721?
1
What is the units digit of 49?
9
What is the units digit of 7383?
3
What is the hundreds digit of 1823?
8
What is the tens digit of 2905?
0
What is the thousands digit of 38758?
8
What is the hundreds digit of 60571?
5
What is the thousands digit of 22727?
2
What is the hundreds digit of 789?
7
What is the units digit of 363?
3
What is the hundreds digit of 22315?
3
What is the hundreds digit of 4088?
0
What is the units digit of 3595?
5
What is the ten thousands digit of 22279?
2
What is the units digit of 1174?
4
What is the tens digit of 20954?
5
What is the hundreds digit of 100630?
6
What is the thousands digit of 1184?
1
What is the hundreds digit of 244?
2
What is the thousands digit of 1287?
1
What is the units digit of 21?
1
What is the tens digit of 177?
7
What is the hundreds digit of 1302?
3
What is the units digit of 711?
1
What is the units digit of 482?
2
What is the units digit of 1154?
4
What is the hundreds digit of 1400?
4
What is the thousands digit of 8959?
8
What is the thousands digit of 15743?
5
What is the hundreds digit of 3884?
8
What is the ten thousands digit of 62637?
6
What is the units digit of 4747?
7
What is the hundreds digit of 1787?
7
What is the ten thousands digit of 22262?
2
What is the hundreds digit of 63779?
7
What is the tens digit of 98522?
2
What is the units digit of 557?
7
What is the tens digit of 10790?
9
What is the hundreds digit of 1024?
0
What is the thousands digit of 2132?
2
What is the ten thousands digit of 13004?
1
What is the hundreds digit of 1157?
1
What is the units digit of 5769?
9
What is the tens digit of 5586?
8
What is the tens digit of 1567?
6
What is the thousands digit of 7221?
7
What is the thousands digit of 24494?
4
What is the hundreds digit of 942?
9
What is the thousands digit of 3272?
3
What is the tens digit of 1179?
7
What is the thousands digit of 62094?
2
What is the units digit of 119?
9
What is the tens digit of 1260?
6
What is the hundreds digit of 10892?
8
What is the tens digit of 1115?
1
What is the tens digit of 2206?
0
What is the tens digit of 3500?
0
What is the hundreds digit of 9760?
7
What is the ten thousands digit of 140880?
4
What is the tens digit of 14946?
4
What is the thousands digit of 125270?
5
What is the thousands digit of 5385?
5
What is the tens digit of 36825?
2
What is the hundreds digit of 770?
7
What is the units digit of 2138?
8
What is the ten thousands digit of 52926?
5
What is the hundreds digit of 486?
4
What is the units digit of 4735?
5
What is the units digit of 2384?
4
What is the thousands digit of 3153?
3
What is the units digit of 718?
8
What is the thousands digit of 1520?
1
What is the hundreds digit of 4681?
6
What is the units digit of 2289?
9
What is the hundreds digit of 4047?
0
What is the tens digit of 3472?
7
What is the thousands digit of 47226?
7
What is the thousands digit of 1980?
1
What is the tens digit of 279?
7
What is the thousands digit of 1599?
1
What is the thousands digit of 2167?
2
What is the ten thousands digit of 22144?
2
What is the tens digit of 60399?
9
What is the hundreds digit of 9364?
3
What is the hundreds digit of 1923?
9
What is the tens digit of 1298?
9
What is the units digit of 74252?
2
What is the ten thousands digit of 15882?
1
What is the hundreds digit of 16553?
5
What is the units digit of 5518?
8
What is the ten thousands digit of 45462?
4
What is the hundreds digit of 1158?
1
What is the tens digit of 81574?
7
What is the tens digit of 983?
8
What is the thousands digit of 4766?
4
What is the units digit of 159?
9
What is the units digit of 11077?
7
What is the hundreds digit of 6434?
4
What is the hundreds digit of 2360?
3
What is the thousands digit of 4293?
4
What is the units digit of 27162?
2
What is the units digit of 3430?
0
What is the tens digit of 5641?
4
What is the tens digit of 33489?
8
What is the tens digit of 2629?
2
What is the hundreds digit of 69957?
9
What is the thousands digit of 80177?
0
What is the tens digit of 14528?
2
What is the units digit of 65194?
4
What is the thousands digit of 16240?
6
What is the thousands digit of 1376?
1
What is the tens digit of 107?
0
What is the units digit of 781?
1
What is the ten thousands digit of 28577?
2
What is the units digit of 126060?
0
What is the hundreds digit of 1026?
0
What is the ten thousands digit of 13936?
1
What is the thousands digit of 2571?
2
What is the units digit of 684?
4
What is the units digit of 27064?
4
What is the hundreds digit of 4309?
3
What is the thousands digit of 32176?
2
What is the units digit of 1132?
2
What is the tens digit of 29816?
1
What is the tens digit of 1253?
5
What is the tens digit of 31372?
7
What is the hundreds digit of 7939?
9
What is the thousands digit of 1060?
1
What is the units digit of 612?
2
What is the hundreds digit of 8943?
9
What is the units digit of 1536?
6
What is the units digit of 30519?
9
What is the hundreds digit of 3935?
9
What is the units digit of 303?
3
What is the tens digit of 13858?
5
What is the tens digit of 7148?
4
What is the units digit of 76466?
6
What is the units digit of 259?
9
What is the units digit of 12237?
7
What is the units digit of 2439?
9
What is the thousands digit of 21706?
1
What is the tens digit of 8893?
9
What is the hundreds digit of 9733?
7
What is the thousands digit of 4241?
4
What is the hundreds digit of 141949?
9
What is the hundreds digit of 4625?
6
What is the tens digit of 775?
7
What is the ten thousands digit of 72995?
7
What is the tens digit of 9106?
0
What is the units digit of 1964?
4
What is the hundreds digit of 105?
1
What is the tens digit of 10945?
4
What is the hundreds digit of 16689?
6
What is the thousands digit of 2317?
2
What is the ten thousands digit of 24405?
2
What is the hundreds digit of 102?
1
What is the tens digit of 160541?
4
What is the ten thousands digit of 57399?
5
What is the units digit of 1336?
6
What is the hundreds digit of 7189?
1
What is the thousands digit of 2084?
2
What is the units digit of 4180?
0
What is the tens digit of 14674?
7
What is the tens digit of 20?
2
What is the tens digit of 3684?
8
What is the tens digit of 3038?
3
What is the hundreds digit of 38053?
0
What is the units digit of 1676?
6
What is the ten thousands digit of 28673?
2
What is the units digit of 1727?
7
What is the tens digit of 283?
8
What is the tens digit of 478?
7
What is the hundreds digit of 59924?
9
What is the thousands digit of 17166?
7
What is the tens digit of 5453?
5
What is the hundred thousands digit of 113671?
1
What is the units digit of 114194?
4
What is the tens digit of 511?
1
What is the hundreds digit of 7650?
6
What is the units digit of 26?
6
What is the hundreds digit of 683?
6
What is the tens digit of 1759?
5
What is the tens digit of 25014?
1
What is the units digit of 19655?
5
What is the hundreds digit of 905?
9
What is the hundreds digit of 40436?
4
What is the tens digit of 2920?
2
What is the hundreds digit of 712?
7
What is the tens digit of 996?
9
What is the hundreds digit of 38309?
3
What is the hundreds digit of 1163?
1
What is the hundreds digit of 30704?
7
What is the tens digit of 935?
3
What is the hundreds digit of 6755?
7
What is the hundreds digit of 1605?
6
What is the hundred thousands digit of 129671?
1
What is the tens digit of 664?
6
What is the hundreds digit of 47884?
8
What is the thousands digit of 4858?
4
What is the thousands digit of 119701?
9
What is the hundreds digit of 79054?
0
What is the units digit of 12438?
8
What is the tens digit of 282?
8
What is the units digit of 156899?
9
What is the ten thousands digit of 130459?
3
What is the hundreds digit of 19159?
1
What is the tens digit of 3232?
3
Wha